{"id":1319,"date":"2025-10-22T18:47:59","date_gmt":"2025-10-22T21:47:59","guid":{"rendered":"https:\/\/iset-bue.infd.edu.ar\/sitio\/?page_id=1319"},"modified":"2025-10-22T18:52:01","modified_gmt":"2025-10-22T21:52:01","slug":"cd-e-ia","status":"publish","type":"page","link":"https:\/\/iset-bue.infd.edu.ar\/sitio\/catalogo\/cd-e-ia\/","title":{"rendered":"Ciencia de Datos e IA"},"content":{"rendered":"\n<h2 class=\"wp-block-heading\">TECNICATURA SUPERIOR EN CIENCIA DE DATOS E INTELIGENCIA ARTIFICIAL<\/h2>\n\n\n\n<h2 class=\"wp-block-heading\">T\u00c9CNICO\/A SUPERIOR EN CIENCIA DE DATOSE INTELIGENCIA ARTIFICIAL<\/h2>\n\n\n\n<ul>\n<li><pre>Acerca de la carrera\n\nEl aumento del rendimiento de las\/os trabajadoras\/es y de la capacidad productiva de las empresas\nes el principal beneficio de la implantaci\u00f3n de la Inteligencia Artificial, ense\u00f1ar a las m\u00e1quinas\na encargarse de los procesos rutinarios sirve para que las\/os trabajadoras\/es puedan aprovechar\nmejor sus tiempos. Los datos y su manipulaci\u00f3n, lo mismo que la inteligencia artificial constituye\nun fen\u00f3meno global de fuerte impacto real y potencial, beneficiando tanto al sector p\u00fablico y privado,\ncomo a la productividad y la competitividad. Se han convertido en una de las disciplinas m\u00e1s\nimportantes en la actualidad, y se encuentra en permanente avance, ya que el consumo de datos por\nparte de la sociedad es cada vez mayor y la necesidad de dar soluciones a problemas cotidianos con la\ntecnolog\u00eda como intermediaria en la resoluci\u00f3n de los problemas se vuelve imprescindible.\n\nDesde esta perspectiva, la Ciencia de Datos e Inteligencia Artificial deben estar siempre a la\nvanguardia para dise\u00f1ar soluciones que permitan su inserci\u00f3n en \u00e1reas potenciales de aplicaci\u00f3n tales\ncomo: gobierno, salud, seguridad, ambiente, software, educaci\u00f3n, biotecnolog\u00eda, energ\u00eda, administraci\u00f3n,\nentretenimiento, industria farmac\u00e9utica, planificaci\u00f3n urbana, cat\u00e1strofes naturales, transporte,\ndeportes, entre otras.\n<\/pre><\/li>\n\n\n\n<li><pre><a href=\"https:\/\/drive.google.com\/file\/d\/18D9-BfEva05JC8XDarPmO4VG07yu4vJp\/view?usp=drive_link\" target=\"_blank\" rel=\"noreferrer noopener\">Plan de estudios<\/a>\n\nRESOLUCI\u00d3N: 2730\/22\nDURACI\u00d3N: 3 A\u00d1OS\nCANTIDAD DE HORAS: 1408 HORAS\n<\/pre><\/li>\n\n\n\n<li><pre>Perfil del Egresado\n\nEl T\u00e9cnico Superior en Ciencia de Datos e Inteligencia Artificial estar\u00e1 capacitado para realizar\nproyectos de innovaci\u00f3n que involucren actividades tanto del campo de la Ciencia de Datos como de la IA.\nEstar\u00e1 calificado para pensar con criterio estad\u00edstico situaciones de trabajo que involucren una amplia\ncantidad de datos, comprendiendo el ciclo de trabajo de la Ciencia de Datos dentro de una organizaci\u00f3n o\npara un cliente particular. Para ello, deber\u00e1 conocer las t\u00e9cnicas espec\u00edficas para explorar, limpiar\ny preparar diversas fuentes de datos antes de su procesamiento.<\/pre><\/li>\n<\/ul>\n","protected":false},"excerpt":{"rendered":"<p>TECNICATURA SUPERIOR EN CIENCIA DE DATOS E INTELIGENCIA ARTIFICIAL T\u00c9CNICO\/A SUPERIOR EN CIENCIA DE DATOSE INTELIGENCIA ARTIFICIAL<\/p>\n","protected":false},"author":14,"featured_media":0,"parent":644,"menu_order":0,"comment_status":"closed","ping_status":"closed","template":"","meta":[],"acf":[],"_links":{"self":[{"href":"https:\/\/iset-bue.infd.edu.ar\/sitio\/wp-json\/wp\/v2\/pages\/1319"}],"collection":[{"href":"https:\/\/iset-bue.infd.edu.ar\/sitio\/wp-json\/wp\/v2\/pages"}],"about":[{"href":"https:\/\/iset-bue.infd.edu.ar\/sitio\/wp-json\/wp\/v2\/types\/page"}],"author":[{"embeddable":true,"href":"https:\/\/iset-bue.infd.edu.ar\/sitio\/wp-json\/wp\/v2\/users\/14"}],"replies":[{"embeddable":true,"href":"https:\/\/iset-bue.infd.edu.ar\/sitio\/wp-json\/wp\/v2\/comments?post=1319"}],"version-history":[{"count":26,"href":"https:\/\/iset-bue.infd.edu.ar\/sitio\/wp-json\/wp\/v2\/pages\/1319\/revisions"}],"predecessor-version":[{"id":1349,"href":"https:\/\/iset-bue.infd.edu.ar\/sitio\/wp-json\/wp\/v2\/pages\/1319\/revisions\/1349"}],"up":[{"embeddable":true,"href":"https:\/\/iset-bue.infd.edu.ar\/sitio\/wp-json\/wp\/v2\/pages\/644"}],"wp:attachment":[{"href":"https:\/\/iset-bue.infd.edu.ar\/sitio\/wp-json\/wp\/v2\/media?parent=1319"}],"curies":[{"name":"wp","href":"https:\/\/api.w.org\/{rel}","templated":true}]}}