{"id":1287,"date":"2025-04-11T21:07:44","date_gmt":"2025-04-12T00:07:44","guid":{"rendered":"https:\/\/iset-bue.infd.edu.ar\/sitio\/?page_id=1287"},"modified":"2025-07-04T21:10:29","modified_gmt":"2025-07-05T00:10:29","slug":"emergencias","status":"publish","type":"page","link":"https:\/\/iset-bue.infd.edu.ar\/sitio\/catalogo\/emergencias\/","title":{"rendered":"Emergencias"},"content":{"rendered":"\n<h2 class=\"wp-block-heading\">TECNICATURA SUPERIOR EN EMERGENCIAS DE SALUD<\/h2>\n\n\n\n<h2 class=\"wp-block-heading\">T\u00cdTULO: T\u00c9CNICO SUPERIOR EN EMERGENCIAS DE SALUD<\/h2>\n\n\n<ul>\n<li>\n<pre>Acerca de la carrera<br \/><br \/><span class=\"fontstyle0\">La Tecnicatura Superior en Enfermer\u00eda tiene como principal prop\u00f3sito de formar profesionales capaces de<br \/>trabajar en las \u00e1reas de emergencias relacionadas a la organizaci\u00f3n, preparaci\u00f3n, asistencia, investigaci\u00f3n,<br \/>y recuperaci\u00f3n, convirti\u00e9ndose en un agente que incorpore sus habilidades al sistema de emergencias.<\/span><\/pre>\n<\/li>\n<\/ul>\n<ul>\n<li>\n<pre><a href=\"https:\/\/drive.google.com\/file\/d\/1F2nnLz7PeKm0SILEt3pmBHwfiz9nYWmM\/view?usp=sharing\" target=\"_blank\" rel=\"noopener\">Plan de estudios<\/a><br \/><br \/>RESOLUCI\u00d3N: 42\/17<br \/>DURACI\u00d3N: 3 A\u00d1OS<br \/>CANTIDAD DE HORAS:  <span class=\"fontstyle0\">2176<\/span> HORAS<\/pre>\n<\/li>\n<\/ul>\n<ul>\n<li>\n<pre>Perfil del Egresado<br \/><br \/>El T\u00e9cnico Superior en Emergencias de Salud es un profesional competente para gestionar el mantenimiento<br \/>preventivo y los controles t\u00e9cnicos de los recursos destinados a las emergencias, operar las comunicaciones<br \/>de Emergencias y desastres efectivamente, organizar y ejecutar log\u00edstica sanitaria, ejecutar t\u00e9cnicas de soporte<br \/>vital b\u00e1sico instrumental o avanzado con indicaci\u00f3n m\u00e9dica y en situaciones de compromiso vital extremo ante<br \/>la ausencia de este, actuar en eventos complejos con v\u00edctimas m\u00faltiples, trabajar en dispositivos de riesgo<br \/>previsible y gesti\u00f3n de riesgos en salud.<br \/>Todo esto en los diferentes escenarios de acuerdo a la geograf\u00eda y recursos locales, conociendo las<br \/>responsabilidades profesionales y sociales de su profesi\u00f3n.<\/pre>\n<\/li>\n<\/ul>","protected":false},"excerpt":{"rendered":"<p>TECNICATURA SUPERIOR EN EMERGENCIAS DE SALUD T\u00cdTULO: T\u00c9CNICO SUPERIOR EN EMERGENCIAS DE SALUD Acerca de la carreraLa Tecnicatura Superior en Enfermer\u00eda tiene como principal prop\u00f3sito de formar profesionales capaces detrabajar en las \u00e1reas de emergencias relacionadas a la organizaci\u00f3n, preparaci\u00f3n, asistencia, investigaci\u00f3n,y recuperaci\u00f3n, convirti\u00e9ndose en un agente que incorpore sus habilidades al sistema de emergencias. &#8230; <a title=\"Emergencias\" class=\"read-more\" href=\"https:\/\/iset-bue.infd.edu.ar\/sitio\/catalogo\/emergencias\/\" aria-label=\"More on Emergencias\">[+]<\/a><\/p>\n","protected":false},"author":14,"featured_media":0,"parent":644,"menu_order":0,"comment_status":"closed","ping_status":"closed","template":"","meta":[],"acf":[],"_links":{"self":[{"href":"https:\/\/iset-bue.infd.edu.ar\/sitio\/wp-json\/wp\/v2\/pages\/1287"}],"collection":[{"href":"https:\/\/iset-bue.infd.edu.ar\/sitio\/wp-json\/wp\/v2\/pages"}],"about":[{"href":"https:\/\/iset-bue.infd.edu.ar\/sitio\/wp-json\/wp\/v2\/types\/page"}],"author":[{"embeddable":true,"href":"https:\/\/iset-bue.infd.edu.ar\/sitio\/wp-json\/wp\/v2\/users\/14"}],"replies":[{"embeddable":true,"href":"https:\/\/iset-bue.infd.edu.ar\/sitio\/wp-json\/wp\/v2\/comments?post=1287"}],"version-history":[{"count":11,"href":"https:\/\/iset-bue.infd.edu.ar\/sitio\/wp-json\/wp\/v2\/pages\/1287\/revisions"}],"predecessor-version":[{"id":1322,"href":"https:\/\/iset-bue.infd.edu.ar\/sitio\/wp-json\/wp\/v2\/pages\/1287\/revisions\/1322"}],"up":[{"embeddable":true,"href":"https:\/\/iset-bue.infd.edu.ar\/sitio\/wp-json\/wp\/v2\/pages\/644"}],"wp:attachment":[{"href":"https:\/\/iset-bue.infd.edu.ar\/sitio\/wp-json\/wp\/v2\/media?parent=1287"}],"curies":[{"name":"wp","href":"https:\/\/api.w.org\/{rel}","templated":true}]}}